7 + 317. What is the hundreds digit of f?
1
Let w(h) = -h - 2. Let l be w(-6). Suppose 0 = -0*s - 3*s. Suppose -l*k - k - 10 = -5*n, s = 5*k + 4*n - 35. What is the units digit of k?
3
Suppose -4*v - 281 = -b, -4*b + 4*v = -v - 1069. What is the units digit of b?
1
What is the tens digit of (2 + -8)/(3/(-6))?
1
Suppose -2*m - 8 = 2*m. What is the units digit of 1*13/m*-2?
3
Suppose -2 = 2*n, 0*b = b + 5*n - 123. Suppose 5*y - b = -3*c - 0*c, 2*y - 76 = 5*c. What is the tens digit of y?
2
Suppose -9 = j + 3*y - 108, 2*y = -2. What is the hundreds digit of j?
1
What is the units digit of -1*((-2)/(-4))/((-3)/2094)?
9
Let z = -6 - -4. What is the units digit of (-1)/z*(36 - 2)?
7
Let j = -1 + 42. What is the tens digit of j?
4
Suppose -129 = -4*v + 3*q + 54, 193 = 4*v - 5*q. What is the units digit of v?
2
Let q = -149 + 201. What is the tens digit of q?
5
Let m(g) = g**3 + 7*g**2 + 4*g + 3. Let w be m(-6). Suppose 0 = 6*o - 3*o + w. Let u(n) = -n**3 - 6*n**2 - 7*n - 5. What is the units digit of u(o)?
5
Let u(n) = 4*n**2 + 8*n + 3. Let g be u(-5). Let f = g - 39. What is the units digit of f?
4
What is the units digit of (2 - 1)/((-1)/(-23))?
3
Suppose 0 = t + 2*t - 4*c + 4, -t + 2*c = 4. Let j = t - 1. Suppose -6 = -j*p - 3*s, 8*s - 2 = -p + 4*s. What is the units digit of p?
2
Let k(h) = -h**2 - 10*h - 6. Let a be k(-9). Suppose 1 = -5*f - 4. Let s = a - f. What is the units digit of s?
4
Let o = -6 + 7. What is the units digit of 16*4*o/8?
8
Let y(d) = -3 + 3*d - 2*d - 5*d + d**2. Let g be y(5). What is the units digit of ((-12)/9)/(g/(-6))?
4
Let h(n) = n**3 - 12*n. What is the units digit of h(6)?
4
Let p = -27 + 27. Let v = p - -21. What is the tens digit of v?
2
Let z = -38 - -64. What is the tens digit of z?
2
Suppose 2*v + n - 11 = 0, -1 - 11 = -2*v - 2*n. Suppose 0*m = -v*m. Suppose 5*b - 5*w + 5 = -m, 25 = 5*b + 5*w. What is the units digit of b?
2
Let i = 1 + -1. Suppose 5*q = 2*v + 17, i = -2*v + 4*v - 2*q + 2. Suppose 43 = v*m + j, -3*m - 2*j + 0*j = -31. What is the tens digit of m?
1
Let q(a) = 15*a**2 + 2*a + 1. Suppose 0 = 2*u - 3 + 5. What is the tens digit of q(u)?
1
Suppose 5*z + y + 19 = 0, -2*y = -3*z + y + 3. Let w = z + 28. Suppose -2*a - w = -5*n, -2*n - 3*a = -4*n - 1. What is the units digit of n?
7
Let p(y) = -y**3 - 2*y - 1. Let t be p(-1). What is the units digit of 6/6*(-1 + t)?
1
Let p(o) = -3*o - 7. What is the units digit of p(-9)?
0
Let y(l) = 14*l**2 - 5*l**2 + 6*l**2. What is the tens digit of y(1)?
1
Let o(n) = -16*n. Let u be o(-1). Let c be 4/u - 11/(-4). Suppose 0*m + c*m - 5*i - 52 = 0, 0 = -2*m + 5*i + 43. What is the units digit of m?
9
Let v = -2 + 13. Let u(l) = -l**2 + 14*l + 2. What is the tens digit of u(v)?
3
Let q(k) = 4*k**2 + k + 18. Let j(y) = -3*y**2 - 2*y - 17. Let o(p) = 5*j(p) + 4*q(p). What is the tens digit of o(11)?
4
Let q be 3/9*42/(-2). Let w = q - -23. What is the tens digit of w?
1
Suppose 142 + 722 = 8*z. What is the units digit of z?
8
Let z(f) = 2*f**2 + 6*f + 2. Let k be z(-4). Suppose 0 = -p + 15 + k. Suppose 0 = -3*y + p + 2. What is the units digit of y?
9
Let a(h) = 9*h**3 - 2*h + 1. Suppose -z = 1 - 2. What is the units digit of a(z)?
8
Let s = -1 - 11. Let x = s + 20. What is the units digit of x?
8
Suppose -5*n = l - 34, 7 - 21 = -l - n. Let b = 3 - l. What is the units digit of ((-4)/b)/(1/3)?
2
Let p = 250 - -55. What is the units digit of p?
5
Let q be (-2)/(-8) + 275/(-44). Let r be (-4)/(-2 - 8/q). Suppose 2*t + 2*n = n + r, -t + 4*n = -21. What is the units digit of t?
5
Let c = 8 - -7. Suppose -12 = q + c. Let m = -15 - q. What is the units digit of m?
2
Let b = -5 - -9. Suppose -2*c = b*i + 3*c - 90, 0 = 3*i + 3*c - 66. What is the units digit of i?
0
Let i(g) = -8*g**3 + g. Let j be i(-1). Let m(r) = r - 15. Let d be m(9). Let y = d + j. What is the units digit of y?
1
Let m = 44 - 20. Let h = 3 - 3. Suppose -5*y - 5*j = -y - m, h = -3*y + j - 1. What is the units digit of y?
1
Suppose y + 3*y = -2*b + 116, 5*b - 4*y = 234. Let u = -35 + b. What is the units digit of u?
5
Suppose 4*m + 2*r = 44, -r = -3*m - 4*r + 27. Let k(p) = -p**3 + 14*p**2 - 16*p + 5. Let b(l) = -l. Let j(z) = -3*b(z) + k(z). What is the units digit of j(m)?
5
Suppose -4*v - 2 + 18 = 0. Suppose v = 3*t - c - 0*c, 4 = -2*t + 2*c. What is the units digit of t?
3
Let m(h) = h**2 + 5*h - 3. Let u(w) = -w**3 - 3*w**2 + w - 2. Let g be u(-3). Let q be m(g). What is the units digit of (-1 + 10)*(-2)/q?
6
Let u = 37 + -24. What is the tens digit of u?
1
Let y(r) = r**3 - 3*r**2 - 9*r + 5. Let v be y(6). Let g = 36 - v. Let p = -16 - g. What is the units digit of p?
7
Suppose l = -n + 22, -99 = -5*l + 5*n - 39. What is the units digit of l?
7
Let m(z) = 3*z**2 - 2 - 2 + z**3 + 8. What is the units digit of m(-3)?
4
Let c = 18 - 13. Let f(m) = -m**3 + 5*m**2 - m + 6. What is the units digit of f(c)?
1
Let r = -39 + 49. What is the tens digit of r?
1
Suppose 0*u - 2*u - 4 = 0. Let c = 0 - -3. What is the tens digit of 21 + (2 + u - c)?
1
Let z(s) = -s**2 + 8*s - 6. Suppose -5*l - 3 = 2*y + 3, 0 = -5*y + 5*l + 55. What is the units digit of z(y)?
1
Let x(w) = -2*w. Let j be x(-1). Suppose -11 = b - j*b. What is the tens digit of b?
1
Suppose -3*x + 15 = -0*x. Suppose -21 = -x*y + 34. What is the units digit of y?
1
Let v(s) = -6*s - 1. Let i be v(1). Let p(x) = -2 + 7 - 1 - x + 1. What is the tens digit of p(i)?
1
Let n = -305 - -451. What is the hundreds digit of n?
1
Let d(f) = f**3 - 1. Let j(b) = -10*b**3 + 2*b**2 - b + 5. Let c(x) = -5*d(x) - j(x). What is the units digit of c(1)?
4
Let c = 55 + 119. What is the tens digit of c?
7
Let n(r) = 8*r**2 - 8*r**2 + 44*r**2 - r - 1. What is the tens digit of n(-1)?
4
Suppose 3*g + 5 = 5*t - 7, -2*t + 4 = -2*g. Suppose -2*n + 5 - g = 0. Let v = 1 + n. What is the units digit of v?
3
Let v(g) = -g**2 - 5*g - 3. Let d(n) = -2*n + 2. Let q be d(3). Let a be ((-6)/q)/(1/(-2)). What is the units digit of v(a)?
3
What is the tens digit of ((-126)/24)/((-6)/16)?
1
Let m = -246 - -345. What is the units digit of m?
9
Suppose -3*s = 4*q - 7, 0 = q - 3*q + 5*s + 23. Let f = 5 - q. What is the units digit of f?
1
Let f(x) = 11*x - 25. What is the units digit of f(14)?
9
Suppose 46 = 2*y - 2*s, -6*s = 3*y - s - 37. Suppose y = -4*m + 3. Let z = 6 + m. What is the units digit of z?
2
Let p = 221 - 166. What is the units digit of p?
5
Suppose m = 6*m - 4*z - 186, 4*z + 16 = 0. What is the units digit of m?
4
Suppose 0 = -t - 3 + 18. What is the units digit of t?
5
Let r = -7 - -7. Suppose q + 0*q - 4 = r. What is the tens digit of (42/q)/((-12)/(-16))?
1
Suppose 336 = 7*a - a. What is the tens digit of a?
5
Let t be (-1)/2 - (-15)/(-6). Let m(a) = a**2 - 3. What is the units digit of m(t)?
6
Let u be -78*2*2/(-8). Suppose a = -c - 2 + 7, -3*c + 3*a = -u. What is the units digit of c?
9
Let u = -6 + 9. What is the units digit of u - (-11 - (-3 + 3))?
4
Suppose -6*m + 16 = -2*m. Suppose 0 = 4*c + g - 77, -g - m*g = 2*c - 25. What is the tens digit of c?
2
Suppose -4*y = -75 - 77. Suppose 0*m - y = -m. What is the tens digit of m?
3
Suppose 0 = v + x - 74, v - x - 110 + 32 = 0. What is the units digit of v?
6
Let m(o) = -o**2 - 2. Let l be m(-2). Let s = 2 - l. What is the units digit of s?
8
What is the units digit of (12/15)/((-8)/(-20))?
2
Let g(q) = -q**2 - 5*q + 2. Let y be g(-5). Let x be y*((-10)/4 + 2). What is the units digit of (x + -4)*1*-1?
5
Suppose 5 = a - 5*y + 13, -3*a - 52 = -y. Let o = a + 31. What is the tens digit of o?
1
What is the units digit of 106/9 - 4/(-18)?
2
Let v(t) = -12*t - 6. What is the units digit of v(-3)?
0
Let b(h) = h**3 - 10*h**2 + 8*h + 9. Let l = -6 + 15. Let q be b(l). Suppose q*m - m + 1 = 0. What is the units digit of m?
1
Let z(i) be the second derivative of i**4/12 - i**3/3 + 3*i**2 - 7*i. What is the units digit of z(-5)?
1
Let x(q) = -4*q**2 + 7*q**2 + 2*q + 4 - 2*q**2 + 2*q**2. What is the tens digit of x(4)?
6
Let g be (-25)/(-10) + 2/(-4). Suppose 5*h - 18 = 3*h - g*u, u = 3. What is the units digit of h?
6
Let d = -53 + 102. What is the tens digit of d?
4
Let s(l) = l**2 + 3*l - 5. What is the units digit of s(-6)?
3
Suppose -3*j = v + 2, 5*v + 3*j - 2 = -0*v. Suppose 3*s = -2*m + v - 4, -2*s = -m + 16. What is th